{"id":7,"date":"2005-09-24T15:10:50","date_gmt":"2005-09-24T14:10:50","guid":{"rendered":"http:\/\/127.0.0.1\/blog\/wordpress\/?page_id=7"},"modified":"2025-05-23T08:15:55","modified_gmt":"2025-05-23T07:15:55","slug":"wer-ist-motli","status":"publish","type":"page","link":"https:\/\/www.imot.ch\/wordpress\/wer-ist-motli\/","title":{"rendered":"Wer ist Motli?"},"content":{"rendered":"<blockquote><p><strong>Ko<\/strong>|<strong>lo<\/strong>|<strong>phon<\/strong> [m. 1; in alten Handschriften und Fr\u00fchdrucken] Vermerk am Schluss \u00fcber Verfasser, Schreiber, Ort und Jahr<\/p>\n<p><em>Quelle: W\u00f6rterbuch der deutschen Sprache<\/em><\/p><\/blockquote>\n<p><span style=\"margin: 10px; float: right;\"><a title=\"TeleTom\" href=\"http:\/\/www.imot.ch\/wp\/wp-content\/uploads\/2008\/03\/teletom.jpg\" rel=\"lightbox\"><img decoding=\"async\" src=\"http:\/\/www.imot.ch\/wp\/wp-content\/uploads\/2008\/03\/teletom.thumbnail.jpg\" alt=\"teletom.jpg\" \/><\/a><\/span><br \/>\nWoher der Name stammt muss ich nicht weiter erkl\u00e4ren. Die die es wissen sollen, wissen es und der Rest soll raten und der Fantasie freien Lauf lassen.<\/p>\n<p><strong>Warum dieser Blog?<\/strong><br \/>\nDiese Website ist meine private Sammlung dessen, was ich interessant und erw\u00e4hnenswert finde. Vorrangig ist das alles was mit meinem Hobbies zu tun hat. Will heissen ich versuche zu verstehen und zu erkl\u00e4ren.<\/p>\n<p>Was ist ein Blog I &#8211; <a href=\"http:\/\/www.stefanbucher.net\/weblogfaq\/\">Als FAQ von Stefan Bucher<\/a><\/p>\n<p>Was ist ein Blog II &#8211; Als &#8222;In plain English&#8220;-Video von <a href=\"http:\/\/www.commoncraft.com\/blogs\">Commoncraft<\/a><\/p>\n<div class=\"youtube-video\"><object width=\"425\" height=\"355\"><param name=\"movie\" value=\"http:\/\/www.youtube.com\/v\/NN2I1pWXjXI&amp;rel=1\" \/><param name=\"wmode\" value=\"transparent\" \/><embed src=\"http:\/\/www.youtube.com\/v\/NN2I1pWXjXI&amp;rel=1\" type=\"application\/x-shockwave-flash\" wmode=\"transparent\" width=\"425\" height=\"355\" \/><\/object><\/div>\n<p><strong>Was ist WordPress?<\/strong><br \/>\n<a href=\"http:\/\/wordpress.org\/\">WordPress<\/a> basiert auf PHP und einer MySQL-Datenbank und ist als OpenSource Software kostenlos. Es hat eine elegante Benutzeroberfl\u00e4che und viele interessante Funktionen, wie z.B. ein ausgereiftes Vorlagensystem (Templates) und sehr viele Plugins, die nicht immer sinnvoll sind aber oft die Arbeit erleichetrn. Mit diesen Plugins lassen sich viele spezielle Aufgaben elegant l\u00f6sen.<\/p>\n<p><strong>Was gibts hier zu lesen?<\/strong><br \/>\nDinge \u00fcber mein Leben, was mich bewegt, wovon ich tr\u00e4ume, und vielerlei anderes\u2026<br \/>\nNicht immer ist alles so bitter ernst gemeint wie es beim lesen vielleicht r\u00fcber kommt. Vielmehr soll es deinen Alltag auflockern und dir ein L\u00e4cheln auf\u2019s Gesicht zaubern.<\/p>\n<p>Nun denn, viel Spass beim lesen und kommentieren.<\/p>\n<p><strong>Was tust du sonst so?<\/strong><br \/>\nWenn ich nicht gerade auf meinen Telemarkskiern stehe, oder mit dem Bike die W\u00e4lder unsicher mache, k\u00fcmmere ich mich um andere sch\u00f6ne Dinge im Leben.<\/p>\n<p><strong>Impressum<\/strong><br \/>\nInhaltlich Verantwortlicher Tom M\u00fcller<br \/>\nHaftungshinweis: Trotz sorgf\u00e4ltiger inhaltlicher Kontrolle \u00fcbernehme ich keine Haftung f\u00fcr die Inhalte externer Links. F\u00fcr den Inhalt der verlinkten Seiten sind ausschlie\u00dflich deren Betreiber verantwortlich.<\/p>\n","protected":false},"excerpt":{"rendered":"<p>Ko|lo|phon [m. 1; in alten Handschriften und Fr\u00fchdrucken] Vermerk am Schluss \u00fcber Verfasser, Schreiber, Ort und Jahr Quelle: W\u00f6rterbuch der deutschen Sprache Woher der Name stammt muss ich nicht weiter erkl\u00e4ren. Die die es wissen sollen, wissen es und der &hellip; <a href=\"https:\/\/www.imot.ch\/wordpress\/wer-ist-motli\/\">Weiterlesen <span class=\"meta-nav\">&rarr;<\/span><\/a><\/p>\n","protected":false},"author":1,"featured_media":0,"parent":0,"menu_order":1,"comment_status":"closed","ping_status":"closed","template":"","meta":{"footnotes":""},"class_list":["post-7","page","type-page","status-publish","hentry"],"_links":{"self":[{"href":"https:\/\/www.imot.ch\/wordpress\/wp-json\/wp\/v2\/pages\/7","targetHints":{"allow":["GET"]}}],"collection":[{"href":"https:\/\/www.imot.ch\/wordpress\/wp-json\/wp\/v2\/pages"}],"about":[{"href":"https:\/\/www.imot.ch\/wordpress\/wp-json\/wp\/v2\/types\/page"}],"author":[{"embeddable":true,"href":"https:\/\/www.imot.ch\/wordpress\/wp-json\/wp\/v2\/users\/1"}],"replies":[{"embeddable":true,"href":"https:\/\/www.imot.ch\/wordpress\/wp-json\/wp\/v2\/comments?post=7"}],"version-history":[{"count":5,"href":"https:\/\/www.imot.ch\/wordpress\/wp-json\/wp\/v2\/pages\/7\/revisions"}],"predecessor-version":[{"id":564,"href":"https:\/\/www.imot.ch\/wordpress\/wp-json\/wp\/v2\/pages\/7\/revisions\/564"}],"wp:attachment":[{"href":"https:\/\/www.imot.ch\/wordpress\/wp-json\/wp\/v2\/media?parent=7"}],"curies":[{"name":"wp","href":"https:\/\/api.w.org\/{rel}","templated":true}]}}